 divisor of q and h.
17
Let o be 4/(-4 + 2 - -3). Let z(q) = q**2 - 10*q. Let f be z(10). Suppose 5*v = 5*g + 20 + 25, 5*v - 2*g - 30 = f. What is the highest common factor of o and v?
4
Suppose 2*u + 2*t + t - 2 = 0, -u = -4*t - 23. Let v(w) = w**2 + 3*w - 4. Let y be v(3). Calculate the highest common divisor of y and u.
7
Suppose 0 = -2*h - 1 + 31. Let q = -11 + h. What is the greatest common divisor of 8 and q?
4
Suppose 0 = 3*k - 3*s - 27, 4*k + s = 3*s + 44. What is the highest common divisor of 13 and k?
13
Suppose -4*b + 2*g - 6*g = -40, 0 = -b + g + 10. What is the highest common factor of 2 and b?
2
Suppose 6*t = -0*t. Suppose -210 = -t*f - f - 2*r, -2*f + r = -415. What is the greatest common divisor of 26 and f?
26
Suppose i = -4*y + 51, 3*i - i + y - 67 = 0. Calculate the greatest common factor of i and 341.
31
Let h be -5 + 7 + 59 + -1. Calculate the highest common divisor of 6 and h.
6
Let z(b) be the first derivative of -2*b**2 - 1 - 2/3*b**3 + 1/4*b**4 - 2*b. Let v be z(4). What is the greatest common divisor of v and 7?
7
Suppose -10 = -3*l - 1. Calculate the highest common divisor of 6 and l.
3
Let u = -101 + 127. Calculate the greatest common divisor of u and 4.
2
Let h(l) = 9*l**2 + l - 2. Let i be h(1). What is the highest common factor of 24 and i?
8
Let r(w) be the third derivative of 7*w**4/24 + 9*w**2. Let a be r(10). What is the highest common divisor of a and 10?
10
Let v be (1 + -4)/(-9) + (-1075)/(-15). Calculate the highest common factor of v and 16.
8
Let g be (-1)/(-2) - (-2)/(-4). Suppose -4*k - 3*p + 208 = -p, g = 5*k - 5*p - 260. Suppose 9*z - 91 = 2*z. Calculate the highest common factor of k and z.
13
Let j(p) = -p - 2. Let d be j(-7). Suppose -4*b = 3*f + 33 - 146, -4*b - d*f + 103 = 0. What is the highest common divisor of b and 4?
4
Let o(i) = -i - 5. Let m be o(-5). Let u be (-102)/4*(m + -2). What is the greatest common factor of u and 34?
17
Suppose -6*g + 360 = -0*g. Calculate the greatest common divisor of 20 and g.
20
Suppose -2*s - 5*p - 56 + 382 = 0, 0 = 5*s - 3*p - 784. Let r = s - 94. Suppose w + 2*w = 24. Calculate the greatest common factor of r and w.
8
Let a be 2 + 5/((-10)/(-12)). Let i = a - 4. Suppose 0 = 4*x - i. Calculate the highest common divisor of 2 and x.
1
Let l(x) = 7*x - 7. Let a be l(3). What is the greatest common factor of 2 and a?
2
Suppose -j - 94 = 5*a - 0*j, -4*j + 38 = -3*a. Let q = -12 - a. Calculate the highest common divisor of q and 48.
6
Let n(g) = g**2 - 9*g + 5. Let a be n(6). Let c = -1 - a. Let x be ((-12)/(-9))/((-2)/(-6)). What is the greatest common factor of x and c?
4
Suppose -7*j = 6*j - 52. Calculate the highest common divisor of 28 and j.
4
Suppose -i = m - 9, -m = 2*i - 4*m - 8. Let u(w) = -w**3 + 8*w**2 - 7*w + 6. Let d be u(i). What is the highest common factor of d and 66?
6
Suppose -w - 8 = -2*w. Calculate the highest common factor of 72 and w.
8
Let u(v) = -v**3 + 9*v**2 + 6*v + 4. Let o be u(7). What is the highest common divisor of 9 and o?
9
Suppose -4*n + 5*g - 20 = -7*n, 5*n - 52 = g. Let w = n + 26. Let m = 2 - -10. Calculate the greatest common divisor of m and w.
12
Suppose -5 - 5 = -5*n. Suppose 2 = n*p - 4. What is the greatest common divisor of 15 and p?
3
Let l = 142 - 65. Suppose -2*h + 14 + 6 = -2*k, 2*h - 11 = -k. Calculate the highest common divisor of h and l.
7
Let w be ((-4)/(-6))/((-6)/(-45)). Suppose 149 = w*h - 151. Calculate the highest common divisor of 6 and h.
6
Let i(k) = -3*k**3 + 4*k**2 - 2*k. Let v be i(-4). Let t be (v/(-5))/(-4)*5. Calculate the highest common factor of 6 and t.
6
Let p(c) be the second derivative of 0 - 1/4*c**4 + 1/20*c**5 - 2*c**2 + c**3 + 2*c. Let o be p(4). What is the greatest common divisor of 9 and o?
9
Let z = -99 + 106. Calculate the greatest common factor of z and 7.
7
Let s = 146 + 53. Suppose -s + 1 = -y. Suppose -4*m = -y + 70. What is the greatest common factor of m and 16?
16
Suppose q - 17 = -5*j + 24, -4*q = 4*j - 84. Calculate the greatest common factor of q and 144.
16
Suppose -3*l - l - y = -8, 0 = 4*l - 3*y - 8. Let c be -1 + 19 - 6/l. What is the highest common factor of c and 30?
15
Suppose -s - 5 = -6*s. Let g be 5*(-3)/(-3)*s. What is the greatest common divisor of g and 20?
5
Let w(j) = -9*j + 1. Let p be w(1). Let g = p - -11. Suppose g*i + 9 = 0, r + 4*i + 2 = -0*r. Calculate the greatest common divisor of 90 and r.
10
Let a(p) = -p - 2. Let n be a(-5). Suppose -3*y + 69 = -n. Suppose j = -j + 8. What is the highest common divisor of j and y?
4
Suppose 4*w - 31 = g, -3*g = -0*w + 2*w - 5. Calculate the greatest common factor of w and 35.
7
Let a = 36 + -20. Let n = -9 - -23. Let s be 4/n + 36/21. Calculate the highest common factor of s and a.
2
Let a = -102 + 309. Suppose u = 3*x - 125, x + 4*x = 3*u + a. Suppose -2*c - 5*v + 2 = -16, -2*v = c - 10. Calculate the greatest common divisor of x and c.
14
Let h be -1 + (2 - 2) + 13. Let l(r) = -2*r + 10. Let z = -13 + 3. Let u be l(z). What is the greatest common factor of h and u?
6
Let g(q) = q**3 + 3*q**2 - 3*q + 7. Let a be g(-4). What is the highest common divisor of 4 and a?
1
Let w(a) = a**2 - 3*a - 4. Let c be w(4). Let o be 17/(c + 3 - 2). What is the highest common divisor of 17 and o?
17
Suppose 6*c = c + 65. Calculate the greatest common factor of c and 143.
13
Let q(y) = -13*y + 3. Let o be q(-1). What is the greatest common divisor of 176 and o?
16
Let x be 45/6*(-80)/(-6). Suppose 2*v - 10 = -3*v. Suppose -3*s - v*s = -x. What is the highest common factor of 50 and s?
10
Let l be 4/(-10) - 323/(-95). Suppose -5*z + 805 = -5*m, l*m = z + 5*m - 161. Calculate the greatest common factor of z and 23.
23
Let j = 9 + -2. What is the greatest common factor of 21 and j?
7
Let y be 74/6 + (-1)/3. What is the highest common factor of y and 48?
12
Let a be 1055/30 + (-3)/18. Let b be (-2)/(-4) - (-9)/2. Suppose s = 5*n - 58, b*n = -3*s + a + 31. What is the greatest common factor of 36 and n?
12
Let r(i) = 3*i + 41. Let w be r(12). Let q = 27 - 16. What is the greatest common divisor of q and w?
11
Let m be (2 - 3)*(3 - -2). Let c be (0 + 13)/(m/(-10)). Calculate the highest common divisor of c and 39.
13
Let l = 3 - -3. Let o = 14 - l. What is the greatest common factor of o and 8?
8
Suppose 5*o = -17 + 97. Suppose -2*t - 2*t + 24 = -3*x, x = 3*t - 13. Suppose -n + o = t. Calculate the greatest common divisor of n and 26.
13
Suppose -140 = -5*j - 20. Calculate the greatest common factor of j and 96.
24
Let d(q) = q - 21. Suppose 0 = -4*x - 5 + 45. Let w be d(x). Let a = w + 15. What is the highest common factor of a and 12?
4
Suppose 0 = -c - 4*c - 85. Let s = c + 32. Suppose -64 = -z + 56. What is the greatest common factor of s and z?
15
Let x = -25 - -26. Let k(q) = -3*q**3 - 2*q - 1. Let f be k(-1). Calculate the highest common factor of x and f.
1
Let q be (-1)/4 - 671/(-44). Calculate the highest common divisor of q and 105.
15
Let q be 2/7 - (-150)/14. Let s(j) = j**3 - 12*j**2 + 17*j - 9. Let n be s(q). What is the greatest common divisor of n and 19?
19
Let y(r) be the third derivative of 0 + 1/60*r**5 - 5/24*r**4 + 0*r + 2*r**2 - 1/3*r**3. Let c be y(6). What is the highest common divisor of 44 and c?
4
Suppose -24*y = -23*y - 7. What is the greatest common factor of 49 and y?
7
Suppose 0 = k - 10 + 3. Suppose 4*h - 9 - k = 0. What is the greatest common divisor of h and 6?
2
Let n be (5 - -54)/(1/2). Suppose 2*g - 43 - 33 = 0. Suppose 5*t = -g + n. What is the highest common divisor of 80 and t?
16
Let w = -9 - -65. Suppose 4*l - 16 = -0*l. Suppose 6*r = l*r + 14. What is the greatest common divisor of w and r?
7
Suppose 5*y = 3*d - 143, 7*y - 2*y = 4*d - 194. Let o(c) = 3*c**2 - 2*c + 1. Let q be o(-3). What is the highest common divisor of d and q?
17
Suppose 5*x + x - 12 = 0. Calculate the highest common divisor of 16 and x.
2
Suppose -2*i + a + 23 = 3, 16 = -4*a. Let c = -10 + 15. Suppose 2*o + u = 116, 0 = c*o + 2*u - 173 - 115. Calculate the greatest common factor of o and i.
8
Let w(q) = -2*q + 52. Let m be w(21). Let t = 311 - 110. Suppose 4*z = t - 1. Calculate the greatest common divisor of m and z.
10
Suppose 2*t = -0*t + 152. Let b(o) = -3*o - 2. Let y be b(-7). Calculate the greatest commo